ousands digit of 1165053?
5
What is the units digit of 17455715?
5
What is the thousands digit of 198837?
8
What is the hundreds digit of 4477483?
4
What is the hundreds digit of 83345?
3
What is the units digit of 10005470?
0
What is the millions digit of 3050264?
3
What is the hundreds digit of 319262?
2
What is the units digit of 5632708?
8
What is the millions digit of 1452492?
1
What is the thousands digit of 4433388?
3
What is the units digit of 779896?
6
What is the ten thousands digit of 2388308?
8
What is the thousands digit of 3988?
3
What is the ten thousands digit of 81545?
8
What is the hundreds digit of 368920?
9
What is the units digit of 63375?
5
What is the ten thousands digit of 6559345?
5
What is the hundreds digit of 271193?
1
What is the tens digit of 1390177?
7
What is the units digit of 56400?
0
What is the hundreds digit of 23500891?
8
What is the millions digit of 8906262?
8
What is the hundred thousands digit of 4141695?
1
What is the hundreds digit of 263048?
0
What is the ten thousands digit of 2053186?
5
What is the hundreds digit of 126421?
4
What is the thousands digit of 3343845?
3
What is the hundred thousands digit of 2496167?
4
What is the units digit of 103119?
9
What is the tens digit of 9279848?
4
What is the units digit of 107932?
2
What is the units digit of 81497?
7
What is the ten thousands digit of 798463?
9
What is the hundred thousands digit of 3551545?
5
What is the units digit of 23977611?
1
What is the ten thousands digit of 3547378?
4
What is the ten thousands digit of 4183812?
8
What is the thousands digit of 709817?
9
What is the units digit of 8524?
4
What is the hundred thousands digit of 1665289?
6
What is the hundreds digit of 811382?
3
What is the tens digit of 14526?
2
What is the tens digit of 214880?
8
What is the units digit of 369204?
4
What is the hundred thousands digit of 3566149?
5
What is the hundreds digit of 627864?
8
What is the units digit of 1233562?
2
What is the units digit of 9390?
0
What is the thousands digit of 11125029?
5
What is the hundreds digit of 98342?
3
What is the thousands digit of 699998?
9
What is the ten millions digit of 15998566?
1
What is the millions digit of 3037413?
3
What is the hundreds digit of 2317859?
8
What is the thousands digit of 362158?
2
What is the hundreds digit of 344182?
1
What is the hundred thousands digit of 854079?
8
What is the units digit of 133832?
2
What is the thousands digit of 503501?
3
What is the ten thousands digit of 677097?
7
What is the hundred thousands digit of 8931977?
9
What is the ten thousands digit of 49308?
4
What is the tens digit of 1952489?
8
What is the millions digit of 5080238?
5
What is the ten thousands digit of 3227869?
2
What is the thousands digit of 57963?
7
What is the thousands digit of 2381745?
1
What is the hundreds digit of 6751320?
3
What is the tens digit of 54087?
8
What is the hundred thousands digit of 107520?
1
What is the hundreds digit of 692953?
9
What is the tens digit of 173108?
0
What is the hundred thousands digit of 24000967?
0
What is the units digit of 8728023?
3
What is the hundred thousands digit of 1104228?
1
What is the hundred thousands digit of 265210?
2
What is the thousands digit of 6285457?
5
What is the ten millions digit of 26017420?
2
What is the units digit of 2003487?
7
What is the millions digit of 21697311?
1
What is the hundred thousands digit of 383325?
3
What is the tens digit of 257911?
1
What is the hundreds digit of 3464395?
3
What is the hundred thousands digit of 385530?
3
What is the hundreds digit of 6996350?
3
What is the hundreds digit of 547779?
7
What is the thousands digit of 16580094?
0
What is the hundred thousands digit of 6983762?
9
What is the hundreds digit of 381270?
2
What is the hundred thousands digit of 35889863?
8
What is the thousands digit of 514046?
4
What is the hundreds digit of 9709700?
7
What is the ten thousands digit of 186416?
8
What is the hundreds digit of 4365839?
8
What is the ten thousands digit of 150311?
5
What is the millions digit of 7160109?
7
What is the ten millions digit of 17251239?
1
What is the hundred thousands digit of 8331963?
3
What is the tens digit of 11314400?
0
What is the ten millions digit of 25485226?
2
What is the tens digit of 346227?
2
What is the thousands digit of 646645?
6
What is the hundreds digit of 601439?
4
What is the thousands digit of 2832434?
2
What is the hundred thousands digit of 617817?
6
What is the hundred thousands digit of 1441605?
4
What is the ten thousands digit of 170215?
7
What is the hundred thousands digit of 2863653?
8
What is the hundreds digit of 9688246?
2
What is the ten thousands digit of 468153?
6
What is the hundreds digit of 685964?
9
What is the hundred thousands digit of 1534039?
5
What is the hundreds digit of 787002?
0
What is the units digit of 8692535?
5
What is the units digit of 31302?
2
What is the hundred thousands digit of 208310?
2
What is the tens digit of 9791060?
6
What is the hundred thousands digit of 543215?
5
What is the millions digit of 18207752?
8
What is the hundreds digit of 13827959?
9
What is the units digit of 2619309?
9
What is the hundred thousands digit of 244460?
2
What is the hundreds digit of 1386882?
8
What is the thousands digit of 172851?
2
What is the units digit of 127118?
8
What is the hundreds digit of 1496962?
9
What is the thousands digit of 8934862?
4
What is the tens digit of 422157?
5
What is the hundreds digit of 15300972?
9
What is the millions digit of 4444740?
4
What is the tens digit of 81169?
6
What is the hundred thousands digit of 1178691?
1
What is the thousands digit of 1326870?
6
What is the units digit of 142221?
1
What is the ten thousands digit of 4818384?
1
What is the hundreds digit of 3908462?
4
What is the units digit of 3424613?
3
What is the units digit of 1739418?
8
What is the hundred thousands digit of 169036?
1
What is the hundred thousands digit of 446073?
4
What is the hundreds digit of 228162?
1
What is the hundreds digit of 438250?
2
What is the hundreds digit of 197959?
9
What is the units digit of 568994?
4
What is the thousands digit of 104996?
4
What is the tens digit of 180298?
9
What is the hundred thousands digit of 2850793?
8
What is the millions digit of 8963547?
8
What is the hundreds digit of 94942?
9
What is the hundreds digit of 12050363?
3
What is the units digit of 695925?
5
What is the hundred thousands digit of 8843955?
8
What is the hundreds digit of 22807335?
3
What is the ten thousands digit of 9799776?
9
What is the millions digit of 10974992?
0
What is the hundreds digit of 4251289?
2
What is the hundred thousands digit of 442447?
4
What is the units digit of 1276085?
5
What is the hundreds digit of 308218?
2
What is the hundreds digit of 67333?
3
What is the thousands digit of 75680?
5
What is the units digit of 87992?
2
What is the ten thousands digit of 477427?
7
What is the tens digit of 145198?
9
What is the ten thousands digit of 10284796?
8
What is the ten thousands digit of 5174682?
7
What is the ten thousands digit of 612967?
1
What is the tens digit of 12269065?
6
What is the ten thousands digit of 280971?
8
What is the tens digit of 172507?
0
What is the hundreds digit of 4193077?
0
What is the ten thousands digit of 1024729?
2
What is the tens digit of 355707?
0
What is the millions digit of 3881453?
3
What is the hundred thousands digit of 30424119?
4
What is the ten thousands digit of 189110?
8
What is the hundreds digit of 241092?
0
What is the hundred thousands digit of 5946162?
9
What is the units digit of 9755941?
1
What is the thousands digit of 10166417?
6
What is the thousands digit of 217199?
7
What is the ten thousands digit of 4636999?
3
What is the ten thousands digit of 3544877?
4
What is the thousands digit of 158100?
8
What is the units digit of 8306394?
4
What is the hundreds digit of 14129?
1
What is the hundred thousands digit of 24093822?
0
What is the hundred thousands digit of 1463729?
4
What is the hundred thousands digit of 441131?
4
What is the units digit of 56267?
7
What is the ten millions digit of 14522820?
1
What is the hundred thousands digit of 104499?
1
What is the ten millions digit of 18197795?
1
What is the units di